q(0). Suppose 3*m + 12 = 0, -c*m + 3*m = -3*g + 11089. Is g composite?
False
Let k be 3/(-6)*(-59 + -1). Let g = k - 27. Is -3 - 0 - ((-99 - -2) + g) composite?
True
Suppose -64 = 7*c - 15*c. Suppose -c = -2*j, -v + 472 + 142 = -3*j. Is (-7)/(-21) + v/3 prime?
False
Let o = -39 - -9. Let y = o + 34. Suppose 0 = -3*t - t, 5*f + y*t = 6995. Is f prime?
True
Suppose -34*g - 1581 + 477422 = -1331157. Is g prime?
True
Let v = -15 + 78. Suppose -9 + 37 = 4*t. Is 47205/v + (-2)/t a composite number?
True
Let z(c) = 3*c + 3*c**2 + c**2 - 47*c + 80 - 63. Is z(18) prime?
True
Suppose 0 = -28*n + 26*n + 4822. Is n a prime number?
True
Let l(p) be the first derivative of 35*p**3/6 + p**2/2 + 15*p + 33. Let c(u) be the first derivative of l(u). Is c(6) a prime number?
True
Suppose 20*u - 3975525 - 3835394 = u. Is u a composite number?
False
Suppose -3*y - 4*r + 708 = 0, 5*r + 735 = y + 2*y. Let i be 28/8*44/(-3 + 5). Let s = y - i. Is s a composite number?
False
Let n(i) = -220*i + 1029. Is n(-127) prime?
False
Let k(l) = 7*l - 44. Let m be k(7). Suppose -m*u + 5562 = -53558. Suppose 4*f - 7060 - u = 0. Is f composite?
False
Suppose 0 = 3*h + 5*m - 156691, -6*h = -10*h + 2*m + 208956. Is h prime?
True
Is 27235424/32 + 29 + 10/(-2) a composite number?
False
Let n = 39511 + 104520. Is n prime?
True
Let v(z) = 115*z - 62. Let k(j) = j + 1. Let p(m) = -k(m) - v(m). Let o be p(-20). Suppose -4*r + 3*x + 2639 = -6793, -o = -r - 5*x. Is r a composite number?
True
Let v = -256 + 4152. Let g = v - 2233. Is g a composite number?
False
Is ((-1)/(3/(-4262106)*10))/((-139)/(-695)) composite?
False
Let g(c) be the second derivative of -c**5/20 - 5*c**3/2 + 3*c**2/2 + 27*c + 1. Let l be 4/(-6)*33/2. Is g(l) a composite number?
False
Suppose 4*f - 2*f = 3*d + 1119, -2786 = -5*f - 4*d. Suppose 5*y = 4*o - 3404, 3*y + f = 3*o - 1995. Is o prime?
False
Let m(j) = 29874*j**3 - 6*j**2 + 19*j + 8. Is m(3) composite?
False
Suppose 0 = f - 3*f. Suppose 4*w = s + 1 - 18, 5*w = 3*s - 30. Suppose f = s*n - 406 - 2059. Is n a prime number?
False
Let w(x) = -x**3 - 13*x**2 - 61*x + 20. Let q be w(-16). Is -3 - 1260*(q/30)/(-7) composite?
True
Let p(s) = 190*s + 6. Suppose 11*o - 5*o = 42. Let q be p(o). Suppose -5*c + 1819 = -q. Is c prime?
True
Is (-10)/(8/(-7496)*2) a prime number?
False
Let i(w) = -8*w**2 - w**3 - 13 - 8*w + 25*w**2 + 2*w - 8*w. Let o be i(16). Is (o - 0)*(-4 - -1)/(-3) a composite number?
False
Let c(q) = -2*q**3 - 22*q**2 - 32*q - 62. Let v be c(-25). Suppose -5*p + p + 2*k + v = 0, 2*p + 5*k = 9137. Is p composite?
False
Suppose -q + 0*m - m = -25, 0 = 5*q + 4*m - 125. Suppose 0*t - q*t + 1475 = 0. Is t prime?
True
Suppose 0*g - 4*g - 140743 = -3*l, 0 = -2*l + 4*g + 93822. Is l a composite number?
True
Let p(z) = 9*z**2 + 305*z - 199. Is p(97) a composite number?
False
Is (228/(-24) + 9)*-41754 a prime number?
False
Suppose 0 = 17*h - 10*h + 14. Is (30148/h)/((-10)/15) composite?
True
Let k(w) = w**3 + w**2 + 5*w + 16. Let l be k(-2). Suppose z = 6*m - m + 479, -4*m = 5*z - 2395. Suppose 0 = -2*d + 5*i + 409 - 108, l*i = 3*d - z. Is d prime?
True
Let r(d) = 3*d**2 - 21*d + 55. Let f be r(-16). Let t = 3198 - f. Is t composite?
False
Suppose 5*n - 1097 = 3*x, -647 = n - 4*n - x. Suppose 41756 = -n*w + 221*w. Suppose -w = -4*m + r, 0 = -m - r + 2936 - 330. Is m a composite number?
False
Suppose 2*r - 1149 = -z, 3*z + r = -1070 + 4522. Is z composite?
False
Let o = 506 - 503. Suppose p = o*l + 10577, -3*p + 8*l = 12*l - 31757. Is p a prime number?
False
Suppose -s - u = 3 - 10, -6 = 2*s - 3*u. Suppose -i - 1841 = -2*r + 328, r - s*i = 1097. Is r prime?
False
Let f be -3 + 1 + 1 - (-1 - 0). Suppose -4*s + f*s + 20 = 0. Suppose -s*m + 1760 = -6*u + 3*u, 5*m - 1800 = -5*u. Is m a prime number?
False
Let c(u) = -11226*u - 1051. Is c(-4) a composite number?
False
Let w = 17 + -33. Let m be (-11)/(-4) - (-12)/w. Suppose m*j = -j + 447. Is j a prime number?
True
Let u = -150 - -154. Suppose -5*c - 2*g = -c - 40896, u*c = -4*g + 40900. Is c a prime number?
True
Let v be 3/(-6) + 201/6. Let s = v - 29. Suppose 0 = s*w + p - 0*p - 1170, 5*w - 1471 = 3*p. Is w composite?
False
Let x be (-16)/((-66)/(-78) - 1). Suppose -5*t + 1805 = -2240. Let p = t + x. Is p a composite number?
True
Let f = -100505 + 163746. Is f prime?
True
Let a = 91685 + -61896. Is a a prime number?
True
Is 1*1149*((-3312)/(-54) + 13) a prime number?
False
Let g(r) = r**3 + 10*r**2 - 5*r - 11. Let z be g(-11). Let n = z + 80. Suppose -4879 + 340 = -n*c. Is c composite?
True
Let r be (202844/(-102))/(1 - 53/51). Suppose 19917 + r = 4*w. Is w prime?
True
Let n be (-2)/(-13) + (-483010)/(-286). Suppose 15 = -5*z, -2*i + 3*z - n = -6166. Is i prime?
False
Let h(q) = 2*q**2 + 19*q - 28. Let v be h(14). Let b = v + -116. Suppose 6*c - 4376 = b. Is c composite?
True
Let g(v) = v + 1. Let q(m) = -45*m - 350. Let w(p) = -g(p) - q(p). Is w(33) a composite number?
False
Let m(r) = -182*r**2 - 3*r + 14. Let y(b) = -61*b**2 - b + 5. Let t(j) = -4*m(j) + 11*y(j). Suppose -10*n + 8 = -2. Is t(n) a prime number?
False
Let k be 3 - -20*1274 - (-1 - 3). Suppose 9*c + 2*c = k. Is c composite?
True
Let r = 237 + -234. Suppose -r*c - j = -12814, -4*c = -4*j - 4220 - 12860. Is c composite?
False
Suppose 120*m + 4*w = 123*m - 51355, -2*w + 68466 = 4*m. Is m a prime number?
True
Let d(x) = 2*x - 9. Suppose 0 = 12*l - 8*l - 24. Let h be d(l). Suppose 0 = -3*v + h*s + 1131, 4*v - v - 1129 = 4*s. Is v a prime number?
True
Suppose y - 348 = -5*a, y - a - 348 = a. Is 3 + (y - (-8)/4) composite?
False
Let q = -130 + 133. Suppose -15 = -6*r - q. Suppose 6883 = r*f + 801. Is f a prime number?
True
Let q(w) = 10590*w**2 + 168*w - 1735. Is q(11) a prime number?
True
Let x = -4328 + 6192. Suppose 4*d + t - 15991 = 0, 2*t - x - 2125 = -d. Suppose -g - 5 = 0, 5313 = 4*r + 4*g - d. Is r a composite number?
False
Suppose 24*f - 316368 = 2*f + 155554. Is f prime?
False
Let z(b) = -4*b**3 - 6*b**2 - 7*b - 10. Let x be z(-2). Suppose 202432 = -x*j + 1705276. Is j composite?
True
Suppose -6*o - 10955 = -215. Let z = 4621 + o. Is z composite?
True
Let h = 261 - 266. Is (h + (-3072)/15)*-5 composite?
False
Let v = 196970 + -82519. Is v a prime number?
True
Let d(s) = s**3 - s. Let a(w) = -2*w**3 - 12*w**2 - 11*w - 15. Let y(o) = -a(o) - 3*d(o). Suppose 5*q = 179 - 119. Is y(q) a prime number?
False
Suppose 9*z + 5*y = 13*z - 221, -5*y = 5*z - 265. Suppose -2*a - 2*a - 21096 = 0. Is z/(-126) + a/(-7) a prime number?
False
Let g = 245 - 136. Suppose -107*k + 3*l - 47432 = -g*k, -l + 118593 = 5*k. Is k a prime number?
True
Suppose 2*p - 10992 = -4*c, 5*p + 5*c = 2*c + 27494. Suppose -4*z + p = 4*v, 2*z - 795 - 585 = -v. Let s = v + -807. Is s a composite number?
False
Suppose -43*v = -48*v + 285. Suppose 68535 = 66*f - v*f. Is f composite?
True
Let h = 12 - 7. Suppose -a - 22979 = -h*n, 9210 = 2*n - 4*a - a. Is n prime?
False
Is ((-6)/18)/(-11 - 295752090/(-26886555)) a composite number?
True
Suppose 8*j - 5136 = 178520. Is j composite?
True
Suppose 2*u - 5*u + 67 = 5*t, 4*t - 46 = -2*u. Suppose 3*m = -1 + u. Suppose -1849 = -m*h + 3725. Is h composite?
False
Suppose -2*r = -0*c - 2*c - 202, 5*c = -3*r + 279. Suppose 0 = 4*n - 16*n - 2796. Let i = r - n. Is i composite?
False
Let c be (-1678 - -2)*4*(3 - -1). Let d be (3 - c/10) + (-8)/(-20). Suppose -14*a + d = -9*a. Is a a prime number?
False
Let q = 52930 + -37765. Suppose q = -23*h + 32*h. Is h composite?
True
Let o = -198092 + 398847. Is o prime?
False
Suppose 0 = -8*y + 7*y + 12. Suppose 5*z - y = z. Is (14/8)/(z*3/18756) prime?
False
Suppose -26*b = b - 2850375 + 647877. Is b prime?
False
Let h = 63 + -63. Suppose -4*s - 5*a + 11965 = -h*a, 0 = 2*s + 3*a - 5981. Is s prime?
False
Let q(y) = -2*y**3 - 6*y**2 - 4*y + 13. Let w(r) = r**3 + 5*r**2 + 4*r - 13. Let x(s) = -3*q(s) - 2*w(s). Is x(8) a composite number?
False
Let z = -451309 + 1350198. Is z prime?
True
Let k = 190 - 96. Let m = k + -15. Let b = 262 + m. Is b a composite number?
True
Suppose 0 = -93*w + 90*w + 367410. Suppose 312355 = 15*p + w. Is p a composite number?
False
Suppose -12*x + 123 + 321 = 0. Suppose 70990 = -x*w + 581553. Is w composite?
False
Suppose w = 5, -5*w = -5*i - 0*w - 15. Suppose 0 = i*y - 5*o - 33, 23 = 2*y - 